
-7
Let z be (-3)/(-3) - (-5)/5. Let b(p) = 3*p**3 - 2*p**2 - 2*p + 2. Give b(z).
14
Let h(b) = -b - 8. Suppose j = -4*j + 4*j. Calculate h(j).
-8
Let x(t) = -t**2 - 2*t + 4. Let j = 15 + -19. Give x(j).
-4
Suppose 0 = -4*t + 3*t - 4. Let a(v) = v**3 - 3*v. Let l(n) = -2*n**3 + n**2 + 7*n + 1. Let q(x) = 9*a(x) + 4*l(x). What is q(t)?
0
Let n = -9 + 10. Let f(w) = -w**3 + 2*w**2 - 2*w + 1. What is f(n)?
0
Let n(u) = u**3 - 3*u - 1. Let v(b) = 0 - 60*b + 3 + 61*b. Let q be v(-5). Calculate n(q).
-3
Let q be (-120)/(-9) - 1/3. Let p(d) = -6*d**2 - 2*d + 2. Let m be p(-2). Let z = m + q. Let n(t) = t**2 + 5*t + 6. Determine n(z).
6
Let v(n) = n**3 + 8*n**2 + 7*n + 9. Let z = -48 - -41. Determine v(z).
9
Let v(a) = a - 3. Suppose 0*n + 3*n + 105 = 0. Let q = -15 - n. Suppose -k + q = 4*k. Give v(k).
1
Let i(t) = t**2 + t + 11. Let k be 0*(2 + -4 - -1). Calculate i(k).
11
Let c(p) = -3*p - 5. Let g(y) = -y. Let r(j) = -c(j) + 2*g(j). Let z = 1 + -5. Give r(z).
1
Let j(z) = -z**2 + 210 + z - 203 + 2*z**2. Determine j(-5).
27
Let c(q) = 2*q**2 - 3*q + 2. Let j = 5 - 3. Let f be c(j). Suppose -b - 25 = 4*b + 5*x, -5*b = f*x + 20. Let z(d) = d**2 - d + 6. Calculate z(b).
6
Let h be -4*6/(-16)*-2. Let f be (h + -3)/(-2) + 1. Let k(p) = 2*p - p**3 - 3*p**2 + 2 - p**2 - f*p. Give k(-3).
-1
Let h(c) be the first derivative of 2*c**2 + 3*c - 24. Determine h(3).
15
Let v(a) = a - 5. Let y be v(9). Let o(c) = 4*c - 6. What is o(y)?
10
Suppose 0 = -m + 5*p - 5, 3*p = 2 + 1. Let s(n) = -2*n - 8 - 2*n + m. Let a(w) = -3*w - 7. Let u(x) = 6*a(x) - 5*s(x). What is u(-2)?
-6
Let y(s) = s - 2. Let d(p) = -1. Let o be (6 + -2)/(-2) - 3. Let f(l) = o*d(l) + y(l). Calculate f(0).
3
Let p(b) = -2*b**2 + b. Let w be p(-2). Let r be ((-2)/4)/(5/w). Let u(s) = s + 0 - 1 + r. Calculate u(1).
1
Let w(b) be the second derivative of -b**5/20 - b**4/4 - b**3/6 - b**2 + b. Let o = 0 - 2. What is w(o)?
-4
Let n be 2/5 + (-21)/15. Let a = 3 + n. Let s(q) be the second derivative of -q**4/12 + q**3/6 - q**2 - 8*q. Give s(a).
-4
Suppose -3*k = -2*c - 4, -5*k + 13 = -0*c + 3*c. Let p(l) = 1 - l - k*l + 4*l. Suppose -5*v - 5*x + 2 = -3, 1 = -2*v + x. What is p(v)?
1
Suppose 28 = 3*x + 16. Let b(m) = -5*m + 6. Determine b(x).
-14
Let g(h) be the third derivative of h**2 + 0*h + 0 - 1/6*h**3 + 1/3*h**4. Give g(1).
7
Let t(g) = 4*g**2 + 9*g - 4. Let v(d) = d**2 + d. Let j(y) = -t(y) + 5*v(y). What is j(5)?
9
Let p(d) be the second derivative of -d**4/12 - 2*d**3/3 - 2*d**2 - 14*d. Determine p(-5).
-9
Let p(a) = a**3 - 4*a**2 + 5*a - 2. Let u(y) = 3*y**2 - y - 1. Let f be u(-1). Determine p(f).
4
Let w(p) = p + 6. Let b(s) = -2*s - 6. Let h be b(-4). Suppose -h*a - 6*o = -3*o + 6, -4*a - o = 2. What is w(a)?
6
Let d(v) = 3*v**3 + v**2 - 1. Let c = 7 + -4. Let b = -4 + c. Let o be d(b). Let p(h) = -h - 3. Give p(o).
0
Let f(t) be the first derivative of -t**4/4 + t**3/3 + t**2/2 - 4*t + 1. Suppose -20 = 2*z + 3*z. Let h(l) = l**3 + 4*l**2 - l - 4. Let a be h(z). What is f(a)?
-4
Let b(k) = 11 - k + 19 - k**2 + 19 - 58. What is b(0)?
-9
Let h = -10 + 8. Let y(w) be the first derivative of -11*w**3/3 - 3*w**2 - 6*w + 2. Let j(x) = -6*x**2 - 3*x - 3. Let r(d) = -5*j(d) + 3*y(d). Calculate r(h).
-9
Let v(t) = t - 87 + 168 - 85. Determine v(3).
-1
Let d be (1 - 2)/(1/4). Let n(q) be the second derivative of -q**2 - q + 0 - 1/3*q**3. What is n(d)?
6
Let m(r) = r**3 - 4*r**2 + r. Let k be m(4). Let h(t) = 4*t - 3 - 4*t - 2*t + 9. Determine h(k).
-2
Let j(z) = z - 3. Suppose u + 7*u - 72 = 0. Determine j(u).
6
Let d(m) = 4*m + 3*m + 0 - 5*m - 3. Calculate d(-4).
-11
Let v(k) = -k**2 + 6*k - 9. Let u be v(5). Let h(z) = -3*z - 3. Determine h(u).
9
Suppose 2*z - z = 4. Let h(u) = -z*u - 2 + 9*u**2 - 2 - u**3 - 4*u**2. Let t be (56/21)/((-4)/(-6)). Give h(t).
-4
Let k(n) = 6*n + 4. Suppose -9 - 1 = -2*c. Let a(h) = h + 1. Let b(w) = c*a(w) - k(w). Give b(-5).
6
Let v(k) = -k - 5. Let j(b) = -5*b**2 + 33*b + 7. Let x(o) = -o**2 + 8*o + 2. Let w(t) = 2*j(t) - 9*x(t). Let u be w(-6). Calculate v(u).
-1
Let g(s) = -s**3 - 11*s**2 + 4*s + 9. Let z(q) = q**2 - q - 1. Let y(j) = -g(j) - 6*z(j). Let d(w) = -w + 1. Let f be d(4). Calculate y(f).
9
Suppose 2*q = 5*i + 3*q - 28, 30 = 3*i + 5*q. Let o(r) be the second derivative of -r**5/20 + 5*r**4/12 - r**3/6 + 7*r**2/2 - r. Determine o(i).
2
Let a(q) = -q**3 + 4*q**2 - 5*q + 4. Let z be a(3). Let w(d) = -11*d - 9. Let n(h) = -2*h - 1. Let o(x) = 5*n(x) - w(x). Give o(z).
2
Let m be (-1 - -1)*1/2. Let x be 6/4*(-2 + m). Let r(h) be the third derivative of -h**5/60 - h**4/6 - 2*h**3/3 - 2*h**2. Give r(x).
-1
Let m be (1/2)/(16/96). Let x(c) = 5*c - 4*c**2 - c**2 - 4 + 4*c**2. Give x(m).
2
Let f be -2 - 3*(-3)/(-3). Let u(c) = c + 7. Give u(f).
2
Suppose -1 = -5*o - 6. Let b(g) be the first derivative of 10*g**3/3 + g**2 + g + 10. Determine b(o).
9
Let i(z) = -z**2 - 5*z + 6. Suppose 0 = -4*a + 5*u - 4, a = u + 3*u - 12. Suppose -3*c = -t - a*c - 3, 4*t + 26 = 3*c. Give i(t).
6
Let b(l) = l**2 - l - 1. Let c(u) = -u**2 + 3*u + 1. Let a be c(3). Let z(j) = -3*j**2 - 3*j - 2. Let g(p) = a*z(p) - 3*b(p). What is g(1)?
-5
Let b(n) = -n - 2. Suppose -3*r = -5*i + 64, -4*r + 3*i - 4*i = 47. Suppose f + 2*f - 24 = 0. Let v = f + r. Calculate b(v).
3
Suppose 25 = -7*n + 2*n. Let g(y) = -y + 2. Calculate g(n).
7
Suppose -2*m - m = 2*l - 10, 2*m + 4*l - 12 = 0. Suppose 0 = 2*k - 5*f - 18, 2*f - 27 = -3*k. Let j(b) = -6 + k + 0*b - b. Give j(m).
1
Let m(a) = -7*a**2 + 12*a**2 - 5 + a**3 - 9*a**2 - a. Calculate m(4).
-9
Let v(m) = m**2. Let j(r) = 9*r**2 - 1. Let o(b) = j(b) - 6*v(b). Suppose -5*i + 5 = 15. Determine o(i).
11
Let t(m) = 6*m**3 + m**2 - 8*m + 9. Let o(x) = x**3 - x + 1. Let z(d) = 5*o(d) - t(d). Give z(-3).
5
Let q(w) = -w**3 + 29 + 3*w**2 - w**2 - w - 27. Determine q(2).
0
Let u = -289 - -293. Let z(r) = -r - 1. Let y(k) = k**2 - k - 2. Let x(p) = -y(p) - 2*z(p). Calculate x(u).
0
Let g be 21/6 - 1/2. Let h(a) be the second derivative of -7/6*a**g - a + 0 + 0*a**2. Calculate h(1).
-7
Let d(l) = l**2 + 3*l + 3. Let o be 3 + (-1)/1 + -1. Let s = o + -4. Let q(z) = z**3 + 3*z**2 + 2*z + 3. Let b be q(s). Give d(b).
3
Let z(k) = -2*k**2 - 6*k + 6. Let g = 18 - 25. Let j be 102/(-30) - (-4)/10. Let x(s) = s**2 + 3*s - 3. Let m(a) = g*x(a) + j*z(a). Determine m(-4).
-1
Let x(k) = 3*k - 2. Let d(o) = -o**3 - 9*o**2 + 10*o + 7. Let a be d(-10). Suppose a*w - 4*w - 8 = p, -4*w = -p - 11. Determine x(w).
7
Suppose 5*l = -1 + 6. Let x(p) = 3*p - 4 + 2*p**3 - 3*p**3 - 4*p**2 + l + 0*p**3. What is x(-5)?
7
Let r(p) = -2*p**2 + 8*p. Let z(n) = n**2 - 7*n. Let g(s) = -2*r(s) - 3*z(s). Suppose 5*f + 27 = 7. What is g(f)?
-4
Let i(j) = -4*j - 3. Let t = 17 + -14. What is i(t)?
-15
Let u(v) = -v - 3. Suppose 3*b = -b + 16. Suppose 2*m - 2*x + 6*x = -22, 5*x - 18 = 4*m. Let z = b + m. Determine u(z).
0
Let g(j) be the second derivative of -1/6*j**3 + 1/20*j**5 + 4*j + 0*j**4 + 0 + 0*j**2. Calculate g(1).
0
Let n(s) = 0 - 1 + 2*s - 5. Let c = 10 + -6. What is n(c)?
2
Let d be (-1)/(-4) + (-18)/8. Let s(v) be the first derivative of 2/3*v**3 + 3*v - 3 + 3/2*v**2. Calculate s(d).
5
Let p(m) = -m + 3. Let g(s) = 2*s - 6. Let q be g(5). Suppose -3*j + 2 = u - 7, q*u = 4*j + 4. Determine p(u).
0
Let d be 23/(-3) + 4/6. Let y(u) = u**2 + 5*u - 9. Determine y(d).
5
Let i = 6 + -1. Let d(f) be the first derivative of -f - f**3 + f**2 + 3 + 4 - i. What is d(2)?
-9
Let p(o) be the second derivative of -o**3/6 + 9*o**2/2 - 14*o. Calculate p(9).
0
Suppose 3*i = 15, -5*i = -o - 20 - 2. Let u(s) = s + 0*s - o*s. Suppose -6*l = -2*l + 4. Calculate u(l).
2
Let j(u) = -u**2 - u + 1. Let z(v) = -2*v**2 - 2*v + 3. Let m(t) = -10*j(t) + 4*z(t). Suppose 3*d = 2*q + q, d = 3*q + 4. Determine m(d).
6
Let c(h) = -h. Let n(o) be the third derivative of -o**5/12 - o**2. Let u be 3/(-6) + 1/(-2). Let l be n(u). Determine c(l).
5
Let u = 9 + -2. Let i(v) = -v**2 + u*v - 10 + 0*v + 3. Let s(b) = b**2 - 8*b - 15. Let c be s(10). What is i(c)?
3
Let j(o) be the third derivative of 0*o + 1/24*o**4 + 0*o**3 - 11/60*o**5 + 0 - 8*o**2. Determine j(1).
-10
Let a(o) = o**3 + 7*o**2 + o + 6. Let y = 14 - 21. Give a(y).
-1
Let i be 1 + (5*2)/2. Suppose 6 + i = -4*v. Let j(c) = c**3 + 8*c**2 - 3*c + 8. Let a(r)